9251 and 5705426.
713
Calculate the highest common divisor of 42513 and 92686.
383
Calculate the highest common divisor of 6282 and 134494479.
3141
What is the highest common factor of 259627129 and 533?
41
Calculate the greatest common factor of 837 and 4947561.
27
What is the greatest common divisor of 24167 and 12191153?
2197
Calculate the highest common factor of 2298 and 78246134.
766
Calculate the greatest common divisor of 186800 and 562735.
2335
Calculate the greatest common factor of 87601927 and 14.
7
What is the highest common divisor of 22 and 885613058?
22
What is the highest common factor of 316314 and 10026?
18
Calculate the highest common divisor of 228718064 and 32528.
1712
Calculate the highest common factor of 299132884 and 2091.
697
Calculate the greatest common divisor of 15 and 756326625.
15
Calculate the highest common factor of 68 and 290475158.
34
What is the highest common divisor of 5570167 and 2?
1
What is the greatest common divisor of 27484380 and 432?
108
What is the highest common divisor of 165 and 7524990?
165
Calculate the greatest common factor of 283819901 and 2851.
2851
Calculate the greatest common divisor of 910 and 2252320.
70
Calculate the greatest common factor of 8800 and 33874400.
800
What is the greatest common divisor of 19030 and 11635?
5
Calculate the highest common factor of 211399 and 37948.
179
What is the greatest common factor of 3745 and 4318335?
35
What is the highest common factor of 18576 and 94424560?
688
What is the greatest common divisor of 4590 and 448740?
270
Calculate the greatest common divisor of 12173 and 636104.
259
Calculate the highest common divisor of 34 and 698686.
2
What is the highest common divisor of 1479320 and 10106?
62
Calculate the highest common divisor of 844553783 and 724.
181
What is the greatest common factor of 25242 and 60438?
42
Calculate the highest common factor of 22268 and 9158.
38
Calculate the highest common divisor of 23350 and 1245022.
934
What is the greatest common factor of 42408 and 12483?
171
Calculate the highest common factor of 818 and 11686357.
409
Calculate the greatest common factor of 2057610 and 60.
30
What is the highest common divisor of 20355 and 156630?
345
Calculate the greatest common divisor of 30 and 113549010.
30
Calculate the greatest common factor of 3987411 and 281343.
1473
Calculate the greatest common divisor of 906114 and 143.
11
What is the highest common factor of 7835 and 11058319?
1567
Calculate the highest common factor of 148 and 11299208.
148
What is the greatest common factor of 32 and 36602672?
16
What is the highest common factor of 4022432 and 3730?
746
Calculate the highest common factor of 71 and 52991773.
71
Calculate the highest common factor of 147220 and 166600.
340
What is the highest common factor of 54069 and 3855381?
201
What is the greatest common divisor of 2362282 and 13?
13
What is the greatest common divisor of 12 and 6810819?
3
What is the highest common divisor of 14812 and 166901?
7
What is the highest common factor of 3014301 and 416973?
3183
Calculate the greatest common divisor of 702 and 114274953.
117
Calculate the greatest common divisor of 322981 and 19146604.
3629
Calculate the highest common factor of 5655 and 76947.
39
Calculate the highest common divisor of 10431762 and 716.
358
What is the highest common divisor of 442 and 2302837?
17
Calculate the highest common factor of 132237328 and 8.
8
What is the highest common factor of 1076240 and 187?
11
Calculate the greatest common factor of 208143 and 637.
13
Calculate the highest common divisor of 41986623 and 63.
21
What is the highest common divisor of 720 and 5086395?
45
Calculate the highest common divisor of 175191 and 4899.
69
Calculate the greatest common divisor of 5835557 and 1911.
637
What is the greatest common divisor of 59316 and 125238?
6
Calculate the greatest common divisor of 89 and 20481125.
89
What is the greatest common factor of 187 and 825197?
17
What is the greatest common divisor of 616254 and 14634?
1626
What is the greatest common factor of 4944 and 1202640?
48
What is the highest common divisor of 2147 and 3801463?
19
What is the highest common factor of 4811025 and 3105?
345
Calculate the highest common factor of 6147 and 568256.
683
Calculate the greatest common divisor of 418 and 17682654.
418
Calculate the highest common divisor of 44239 and 98605.
533
Calculate the highest common divisor of 19430 and 59964866.
3886
Calculate the highest common factor of 1587 and 25263591.
69
Calculate the greatest common factor of 116131986 and 9.
9
Calculate the highest common factor of 14849460 and 1710.
90
What is the highest common divisor of 3664 and 599921376?
3664
What is the highest common factor of 954 and 361278?
18
Calculate the greatest common factor of 688086 and 5796.
126
Calculate the greatest common divisor of 120700928 and 896.
128
What is the greatest common divisor of 7543016 and 27608?
232
What is the highest common divisor of 94153583 and 1234?
617
What is the greatest common factor of 3373739 and 1996?
499
What is the highest common divisor of 135969864 and 3016?
232
What is the greatest common factor of 115433080 and 13280?
3320
Calculate the highest common divisor of 629175 and 825.
75
Calculate the greatest common divisor of 2687618 and 538172.
3242
Calculate the highest common divisor of 4104 and 6852768.
456
Calculate the highest common divisor of 305709 and 24772.
563
What is the highest common factor of 157344 and 224543?
1639
Calculate the greatest common factor of 117607 and 7357.
7
What is the highest common divisor of 48 and 9682660?
4
Calculate the highest common factor of 1353725 and 294100.
4325
What is the highest common divisor of 1242906 and 182539?
2051
Calculate the highest common divisor of 47919807 and 21775.
871
What is the highest common divisor of 8569 and 42927?
41
Calculate the highest common factor of 5975956 and 36613.
893
What is the greatest common factor of 1680474 and 5757?
57
Calculate the greatest common divisor of 42900888 and 64.
8
Calculate the highest common factor of 105301 and 4088626.
307
What is the greatest common factor of 1 and 9392683?
1
What is the highest common divisor of 378982 and 614?
2
What is the greatest common factor of 3965105 and 9250?
185
Calculate the highest common divisor of 9880070 and 20.
10
Calculate the greatest common divisor of 10318 and 1341206.
134
What is the greatest common divisor of 407270 and 6618870?
2930
Calculate the highest common divisor of 32899102 and 2716.
194
Calculate the highest common factor of 378609660 and 11.
11
Calculate the greatest common factor of 587423 and 26144.
817
What is the highest common divisor of 18370 and 26851?
11
Calculate the greatest common divisor of 288443904 and 8757.
2919
Calculate the highest common factor of 188649 and 1556928.
459
What is the greatest common factor of 106965 and 9966761?
2377
What is the greatest common factor of 21248 and 121180?
332
What is the greatest common divisor of 57 and 147556812?
57
What is the highest common divisor of 23486850 and 10830?
570
Calculate the highest common divisor of 16 and 105444056.
8
What is the greatest common divisor of 4936 and 2143080?
8
Calculate the highest common factor of 3885912 and 6696.
2232
Calculate the greatest common divisor of 56988 and 22146170.
3166
Calculate the highest common divisor of 190432 and 14352.
16
Calculate the highest common factor of 897669 and 1458.
27
What is the greatest common divisor of 49 and 299657?
1
Calculate the highest common factor of 2838 and 99441714.
258
What is the greatest common factor of 9384510 and 5865?
255
What is the greatest common factor of 9140520 and 28485?
3165
What is the highest common divisor of 36576 and 66572384?
4064
Calculate the highest common factor of 1008928 and 451.
41
Calculate the highest common divisor of 63042760 and 285.
95
What is the highest common divisor of 13867 and 32027393?
283
Calculate the highest common factor of 150 and 54010350.
150
Calculate the highest common factor of 2768104 and 208.
8
What is the greatest common divisor of 1044 and 135828?
36
What is the greatest common factor of 377863 and 2991?
997
What is the greatest common factor of 5